{"id":4887,"date":"2025-05-13T11:30:15","date_gmt":"2025-05-13T09:30:15","guid":{"rendered":"https:\/\/lesmeditationsdalisea.com\/?page_id=4887"},"modified":"2026-04-08T14:24:56","modified_gmt":"2026-04-08T12:24:56","slug":"ateliers-et-sejours","status":"publish","type":"page","link":"https:\/\/lesmeditationsdalisea.com\/index.php\/ateliers-et-sejours\/","title":{"rendered":"Les Ateliers de d\u00e9veloppement personnel et Relaxation"},"content":{"rendered":"\n<p class=\"has-text-align-center\"><strong>Voici le programme des ateliers pr\u00e9vus jusqu&rsquo;en d\u00e9cembre, toutes les r\u00e9servations se font au 06.42.70.54.88 <\/strong><\/p>\n\n\n\n<p><\/p>\n\n\n\n<figure class=\"wp-block-gallery has-nested-images columns-default is-cropped wp-block-gallery-1 is-layout-flex wp-block-gallery-is-layout-flex\"><\/figure>\n\n\n\n<figure class=\"wp-block-image size-full\"><img loading=\"lazy\" decoding=\"async\" width=\"1080\" height=\"1350\" src=\"https:\/\/lesmeditationsdalisea.com\/wp-content\/uploads\/2026\/04\/RDV-avril-mai-juin.jpg\" alt=\"\" class=\"wp-image-6265\" srcset=\"https:\/\/lesmeditationsdalisea.com\/wp-content\/uploads\/2026\/04\/RDV-avril-mai-juin.jpg 1080w, https:\/\/lesmeditationsdalisea.com\/wp-content\/uploads\/2026\/04\/RDV-avril-mai-juin-240x300.jpg 240w, https:\/\/lesmeditationsdalisea.com\/wp-content\/uploads\/2026\/04\/RDV-avril-mai-juin-819x1024.jpg 819w, https:\/\/lesmeditationsdalisea.com\/wp-content\/uploads\/2026\/04\/RDV-avril-mai-juin-768x960.jpg 768w, https:\/\/lesmeditationsdalisea.com\/wp-content\/uploads\/2026\/04\/RDV-avril-mai-juin-920x1150.jpg 920w, https:\/\/lesmeditationsdalisea.com\/wp-content\/uploads\/2026\/04\/RDV-avril-mai-juin-575x719.jpg 575w, https:\/\/lesmeditationsdalisea.com\/wp-content\/uploads\/2026\/04\/RDV-avril-mai-juin-380x475.jpg 380w, https:\/\/lesmeditationsdalisea.com\/wp-content\/uploads\/2026\/04\/RDV-avril-mai-juin-800x1000.jpg 800w\" sizes=\"auto, (max-width: 1080px) 100vw, 1080px\" \/><\/figure>\n\n\n\n<figure class=\"wp-block-gallery has-nested-images columns-default is-cropped wp-block-gallery-2 is-layout-flex wp-block-gallery-is-layout-flex\"><\/figure>\n\n\n\n<figure class=\"wp-block-gallery has-nested-images columns-default is-cropped wp-block-gallery-3 is-layout-flex wp-block-gallery-is-layout-flex\"><\/figure>\n\n\n\n<figure class=\"wp-block-gallery has-nested-images columns-default is-cropped wp-block-gallery-4 is-layout-flex wp-block-gallery-is-layout-flex\"><\/figure>\n\n\n\n<div class=\"wp-block-columns is-layout-flex wp-container-core-columns-is-layout-28f84493 wp-block-columns-is-layout-flex\">\n<div class=\"wp-block-column is-layout-flow wp-block-column-is-layout-flow\">\n<figure class=\"wp-block-gallery has-nested-images columns-default is-cropped wp-block-gallery-5 is-layout-flex wp-block-gallery-is-layout-flex\">\n<figure class=\"wp-block-image size-large\"><img loading=\"lazy\" decoding=\"async\" width=\"819\" height=\"1024\" data-id=\"6268\" src=\"https:\/\/lesmeditationsdalisea.com\/wp-content\/uploads\/2026\/04\/Balade-Sonore-819x1024.jpg\" alt=\"\" class=\"wp-image-6268\" srcset=\"https:\/\/lesmeditationsdalisea.com\/wp-content\/uploads\/2026\/04\/Balade-Sonore-819x1024.jpg 819w, https:\/\/lesmeditationsdalisea.com\/wp-content\/uploads\/2026\/04\/Balade-Sonore-240x300.jpg 240w, https:\/\/lesmeditationsdalisea.com\/wp-content\/uploads\/2026\/04\/Balade-Sonore-768x960.jpg 768w, https:\/\/lesmeditationsdalisea.com\/wp-content\/uploads\/2026\/04\/Balade-Sonore-920x1150.jpg 920w, https:\/\/lesmeditationsdalisea.com\/wp-content\/uploads\/2026\/04\/Balade-Sonore-575x719.jpg 575w, https:\/\/lesmeditationsdalisea.com\/wp-content\/uploads\/2026\/04\/Balade-Sonore-380x475.jpg 380w, https:\/\/lesmeditationsdalisea.com\/wp-content\/uploads\/2026\/04\/Balade-Sonore-800x1000.jpg 800w, https:\/\/lesmeditationsdalisea.com\/wp-content\/uploads\/2026\/04\/Balade-Sonore.jpg 1080w\" sizes=\"auto, (max-width: 819px) 100vw, 819px\" \/><\/figure>\n<\/figure>\n<\/div>\n\n\n\n<div class=\"wp-block-column is-layout-flow wp-block-column-is-layout-flow\">\n<figure class=\"wp-block-gallery has-nested-images columns-default is-cropped wp-block-gallery-6 is-layout-flex wp-block-gallery-is-layout-flex\">\n<figure class=\"wp-block-image size-large\"><img loading=\"lazy\" decoding=\"async\" width=\"819\" height=\"1024\" data-id=\"6269\" src=\"https:\/\/lesmeditationsdalisea.com\/wp-content\/uploads\/2026\/04\/Atelier-1er-mai-819x1024.jpg\" alt=\"\" class=\"wp-image-6269\" srcset=\"https:\/\/lesmeditationsdalisea.com\/wp-content\/uploads\/2026\/04\/Atelier-1er-mai-819x1024.jpg 819w, https:\/\/lesmeditationsdalisea.com\/wp-content\/uploads\/2026\/04\/Atelier-1er-mai-240x300.jpg 240w, https:\/\/lesmeditationsdalisea.com\/wp-content\/uploads\/2026\/04\/Atelier-1er-mai-768x960.jpg 768w, https:\/\/lesmeditationsdalisea.com\/wp-content\/uploads\/2026\/04\/Atelier-1er-mai-920x1150.jpg 920w, https:\/\/lesmeditationsdalisea.com\/wp-content\/uploads\/2026\/04\/Atelier-1er-mai-575x719.jpg 575w, https:\/\/lesmeditationsdalisea.com\/wp-content\/uploads\/2026\/04\/Atelier-1er-mai-380x475.jpg 380w, https:\/\/lesmeditationsdalisea.com\/wp-content\/uploads\/2026\/04\/Atelier-1er-mai-800x1000.jpg 800w, https:\/\/lesmeditationsdalisea.com\/wp-content\/uploads\/2026\/04\/Atelier-1er-mai.jpg 1080w\" sizes=\"auto, (max-width: 819px) 100vw, 819px\" \/><\/figure>\n<\/figure>\n<\/div>\n<\/div>\n\n\n\n<figure class=\"wp-block-gallery has-nested-images columns-default is-cropped wp-block-gallery-7 is-layout-flex wp-block-gallery-is-layout-flex\">\n<figure class=\"wp-block-image size-large\"><img loading=\"lazy\" decoding=\"async\" width=\"819\" height=\"1024\" data-id=\"6271\" src=\"https:\/\/lesmeditationsdalisea.com\/wp-content\/uploads\/2026\/04\/Mediatheque-attigny-819x1024.jpg\" alt=\"\" class=\"wp-image-6271\" srcset=\"https:\/\/lesmeditationsdalisea.com\/wp-content\/uploads\/2026\/04\/Mediatheque-attigny-819x1024.jpg 819w, https:\/\/lesmeditationsdalisea.com\/wp-content\/uploads\/2026\/04\/Mediatheque-attigny-240x300.jpg 240w, https:\/\/lesmeditationsdalisea.com\/wp-content\/uploads\/2026\/04\/Mediatheque-attigny-768x960.jpg 768w, https:\/\/lesmeditationsdalisea.com\/wp-content\/uploads\/2026\/04\/Mediatheque-attigny-920x1150.jpg 920w, https:\/\/lesmeditationsdalisea.com\/wp-content\/uploads\/2026\/04\/Mediatheque-attigny-575x719.jpg 575w, https:\/\/lesmeditationsdalisea.com\/wp-content\/uploads\/2026\/04\/Mediatheque-attigny-380x475.jpg 380w, https:\/\/lesmeditationsdalisea.com\/wp-content\/uploads\/2026\/04\/Mediatheque-attigny-800x1000.jpg 800w, https:\/\/lesmeditationsdalisea.com\/wp-content\/uploads\/2026\/04\/Mediatheque-attigny.jpg 1080w\" sizes=\"auto, (max-width: 819px) 100vw, 819px\" \/><\/figure>\n<\/figure>\n\n\n\n<figure class=\"wp-block-gallery has-nested-images columns-default is-cropped wp-block-gallery-8 is-layout-flex wp-block-gallery-is-layout-flex\"><\/figure>\n\n\n\n<figure class=\"wp-block-gallery has-nested-images columns-default is-cropped wp-block-gallery-9 is-layout-flex wp-block-gallery-is-layout-flex\"><\/figure>\n","protected":false},"excerpt":{"rendered":"<p>Voici le programme des ateliers pr\u00e9vus jusqu&rsquo;en d\u00e9cembre, toutes les r\u00e9servations se font au 06.42.70.54.88<\/p>\n","protected":false},"author":1,"featured_media":0,"parent":0,"menu_order":0,"comment_status":"closed","ping_status":"closed","template":"","meta":{"footnotes":""},"class_list":["post-4887","page","type-page","status-publish","hentry"],"yoast_head":"<!-- This site is optimized with the Yoast SEO Premium plugin v26.4 (Yoast SEO v27.3) - https:\/\/yoast.com\/product\/yoast-seo-premium-wordpress\/ -->\n<title>Les Ateliers de d\u00e9veloppement personnel et Relaxation -<\/title>\n<meta name=\"robots\" content=\"index, follow, max-snippet:-1, max-image-preview:large, max-video-preview:-1\" \/>\n<link rel=\"canonical\" href=\"https:\/\/lesmeditationsdalisea.com\/index.php\/ateliers-et-sejours\/\" \/>\n<meta property=\"og:locale\" content=\"fr_FR\" \/>\n<meta property=\"og:type\" content=\"article\" \/>\n<meta property=\"og:title\" content=\"Les Ateliers de d\u00e9veloppement personnel et Relaxation\" \/>\n<meta property=\"og:description\" content=\"Voici le programme des ateliers pr\u00e9vus jusqu&rsquo;en d\u00e9cembre, toutes les r\u00e9servations se font au 06.42.70.54.88\" \/>\n<meta property=\"og:url\" content=\"https:\/\/lesmeditationsdalisea.com\/index.php\/ateliers-et-sejours\/\" \/>\n<meta property=\"article:publisher\" content=\"https:\/\/www.facebook.com\/lesmeditationsdalisea\/\" \/>\n<meta property=\"article:modified_time\" content=\"2026-04-08T12:24:56+00:00\" \/>\n<meta property=\"og:image\" content=\"https:\/\/lesmeditationsdalisea.com\/wp-content\/uploads\/2026\/04\/RDV-avril-mai-juin.jpg\" \/>\n\t<meta property=\"og:image:width\" content=\"1080\" \/>\n\t<meta property=\"og:image:height\" content=\"1350\" \/>\n\t<meta property=\"og:image:type\" content=\"image\/jpeg\" \/>\n<meta name=\"twitter:card\" content=\"summary_large_image\" \/>\n<meta name=\"twitter:label1\" content=\"Dur\u00e9e de lecture estim\u00e9e\" \/>\n\t<meta name=\"twitter:data1\" content=\"1 minute\" \/>\n<script type=\"application\/ld+json\" class=\"yoast-schema-graph\">{\"@context\":\"https:\\\/\\\/schema.org\",\"@graph\":[{\"@type\":\"WebPage\",\"@id\":\"https:\\\/\\\/lesmeditationsdalisea.com\\\/index.php\\\/ateliers-et-sejours\\\/\",\"url\":\"https:\\\/\\\/lesmeditationsdalisea.com\\\/index.php\\\/ateliers-et-sejours\\\/\",\"name\":\"Les Ateliers de d\u00e9veloppement personnel et Relaxation -\",\"isPartOf\":{\"@id\":\"https:\\\/\\\/lesmeditationsdalisea.com\\\/#website\"},\"primaryImageOfPage\":{\"@id\":\"https:\\\/\\\/lesmeditationsdalisea.com\\\/index.php\\\/ateliers-et-sejours\\\/#primaryimage\"},\"image\":{\"@id\":\"https:\\\/\\\/lesmeditationsdalisea.com\\\/index.php\\\/ateliers-et-sejours\\\/#primaryimage\"},\"thumbnailUrl\":\"https:\\\/\\\/lesmeditationsdalisea.com\\\/wp-content\\\/uploads\\\/2026\\\/04\\\/RDV-avril-mai-juin.jpg\",\"datePublished\":\"2025-05-13T09:30:15+00:00\",\"dateModified\":\"2026-04-08T12:24:56+00:00\",\"breadcrumb\":{\"@id\":\"https:\\\/\\\/lesmeditationsdalisea.com\\\/index.php\\\/ateliers-et-sejours\\\/#breadcrumb\"},\"inLanguage\":\"fr-FR\",\"potentialAction\":[{\"@type\":\"ReadAction\",\"target\":[\"https:\\\/\\\/lesmeditationsdalisea.com\\\/index.php\\\/ateliers-et-sejours\\\/\"]}]},{\"@type\":\"ImageObject\",\"inLanguage\":\"fr-FR\",\"@id\":\"https:\\\/\\\/lesmeditationsdalisea.com\\\/index.php\\\/ateliers-et-sejours\\\/#primaryimage\",\"url\":\"https:\\\/\\\/lesmeditationsdalisea.com\\\/wp-content\\\/uploads\\\/2026\\\/04\\\/RDV-avril-mai-juin.jpg\",\"contentUrl\":\"https:\\\/\\\/lesmeditationsdalisea.com\\\/wp-content\\\/uploads\\\/2026\\\/04\\\/RDV-avril-mai-juin.jpg\",\"width\":1080,\"height\":1350},{\"@type\":\"BreadcrumbList\",\"@id\":\"https:\\\/\\\/lesmeditationsdalisea.com\\\/index.php\\\/ateliers-et-sejours\\\/#breadcrumb\",\"itemListElement\":[{\"@type\":\"ListItem\",\"position\":1,\"name\":\"Accueil\",\"item\":\"https:\\\/\\\/lesmeditationsdalisea.com\\\/\"},{\"@type\":\"ListItem\",\"position\":2,\"name\":\"Les Ateliers de d\u00e9veloppement personnel et Relaxation\"}]},{\"@type\":\"WebSite\",\"@id\":\"https:\\\/\\\/lesmeditationsdalisea.com\\\/#website\",\"url\":\"https:\\\/\\\/lesmeditationsdalisea.com\\\/\",\"name\":\"Les M\u00e9ditations d'Alis\u00e9a\",\"description\":\"\",\"publisher\":{\"@id\":\"https:\\\/\\\/lesmeditationsdalisea.com\\\/#organization\"},\"potentialAction\":[{\"@type\":\"SearchAction\",\"target\":{\"@type\":\"EntryPoint\",\"urlTemplate\":\"https:\\\/\\\/lesmeditationsdalisea.com\\\/?s={search_term_string}\"},\"query-input\":{\"@type\":\"PropertyValueSpecification\",\"valueRequired\":true,\"valueName\":\"search_term_string\"}}],\"inLanguage\":\"fr-FR\"},{\"@type\":\"Organization\",\"@id\":\"https:\\\/\\\/lesmeditationsdalisea.com\\\/#organization\",\"name\":\"Les M\u00e9ditations d'Alis\u00e9a\",\"alternateName\":\"La Lithoth\u00e9rapie \u00e0 prix juste!\",\"url\":\"https:\\\/\\\/lesmeditationsdalisea.com\\\/\",\"logo\":{\"@type\":\"ImageObject\",\"inLanguage\":\"fr-FR\",\"@id\":\"https:\\\/\\\/lesmeditationsdalisea.com\\\/#\\\/schema\\\/logo\\\/image\\\/\",\"url\":\"https:\\\/\\\/lesmeditationsdalisea.com\\\/wp-content\\\/uploads\\\/2023\\\/10\\\/LogoFondTransparent.png\",\"contentUrl\":\"https:\\\/\\\/lesmeditationsdalisea.com\\\/wp-content\\\/uploads\\\/2023\\\/10\\\/LogoFondTransparent.png\",\"width\":500,\"height\":353,\"caption\":\"Les M\u00e9ditations d'Alis\u00e9a\"},\"image\":{\"@id\":\"https:\\\/\\\/lesmeditationsdalisea.com\\\/#\\\/schema\\\/logo\\\/image\\\/\"},\"sameAs\":[\"https:\\\/\\\/www.facebook.com\\\/lesmeditationsdalisea\\\/\",\"https:\\\/\\\/www.instagram.com\\\/lesmeditationsdalisea\\\/\",\"https:\\\/\\\/www.tiktok.com\\\/@lesmeditationsdalisea\"]}]}<\/script>\n<!-- \/ Yoast SEO Premium plugin. -->","yoast_head_json":{"title":"Les Ateliers de d\u00e9veloppement personnel et Relaxation -","robots":{"index":"index","follow":"follow","max-snippet":"max-snippet:-1","max-image-preview":"max-image-preview:large","max-video-preview":"max-video-preview:-1"},"canonical":"https:\/\/lesmeditationsdalisea.com\/index.php\/ateliers-et-sejours\/","og_locale":"fr_FR","og_type":"article","og_title":"Les Ateliers de d\u00e9veloppement personnel et Relaxation","og_description":"Voici le programme des ateliers pr\u00e9vus jusqu&rsquo;en d\u00e9cembre, toutes les r\u00e9servations se font au 06.42.70.54.88","og_url":"https:\/\/lesmeditationsdalisea.com\/index.php\/ateliers-et-sejours\/","article_publisher":"https:\/\/www.facebook.com\/lesmeditationsdalisea\/","article_modified_time":"2026-04-08T12:24:56+00:00","og_image":[{"width":1080,"height":1350,"url":"https:\/\/lesmeditationsdalisea.com\/wp-content\/uploads\/2026\/04\/RDV-avril-mai-juin.jpg","type":"image\/jpeg"}],"twitter_card":"summary_large_image","twitter_misc":{"Dur\u00e9e de lecture estim\u00e9e":"1 minute"},"schema":{"@context":"https:\/\/schema.org","@graph":[{"@type":"WebPage","@id":"https:\/\/lesmeditationsdalisea.com\/index.php\/ateliers-et-sejours\/","url":"https:\/\/lesmeditationsdalisea.com\/index.php\/ateliers-et-sejours\/","name":"Les Ateliers de d\u00e9veloppement personnel et Relaxation -","isPartOf":{"@id":"https:\/\/lesmeditationsdalisea.com\/#website"},"primaryImageOfPage":{"@id":"https:\/\/lesmeditationsdalisea.com\/index.php\/ateliers-et-sejours\/#primaryimage"},"image":{"@id":"https:\/\/lesmeditationsdalisea.com\/index.php\/ateliers-et-sejours\/#primaryimage"},"thumbnailUrl":"https:\/\/lesmeditationsdalisea.com\/wp-content\/uploads\/2026\/04\/RDV-avril-mai-juin.jpg","datePublished":"2025-05-13T09:30:15+00:00","dateModified":"2026-04-08T12:24:56+00:00","breadcrumb":{"@id":"https:\/\/lesmeditationsdalisea.com\/index.php\/ateliers-et-sejours\/#breadcrumb"},"inLanguage":"fr-FR","potentialAction":[{"@type":"ReadAction","target":["https:\/\/lesmeditationsdalisea.com\/index.php\/ateliers-et-sejours\/"]}]},{"@type":"ImageObject","inLanguage":"fr-FR","@id":"https:\/\/lesmeditationsdalisea.com\/index.php\/ateliers-et-sejours\/#primaryimage","url":"https:\/\/lesmeditationsdalisea.com\/wp-content\/uploads\/2026\/04\/RDV-avril-mai-juin.jpg","contentUrl":"https:\/\/lesmeditationsdalisea.com\/wp-content\/uploads\/2026\/04\/RDV-avril-mai-juin.jpg","width":1080,"height":1350},{"@type":"BreadcrumbList","@id":"https:\/\/lesmeditationsdalisea.com\/index.php\/ateliers-et-sejours\/#breadcrumb","itemListElement":[{"@type":"ListItem","position":1,"name":"Accueil","item":"https:\/\/lesmeditationsdalisea.com\/"},{"@type":"ListItem","position":2,"name":"Les Ateliers de d\u00e9veloppement personnel et Relaxation"}]},{"@type":"WebSite","@id":"https:\/\/lesmeditationsdalisea.com\/#website","url":"https:\/\/lesmeditationsdalisea.com\/","name":"Les M\u00e9ditations d'Alis\u00e9a","description":"","publisher":{"@id":"https:\/\/lesmeditationsdalisea.com\/#organization"},"potentialAction":[{"@type":"SearchAction","target":{"@type":"EntryPoint","urlTemplate":"https:\/\/lesmeditationsdalisea.com\/?s={search_term_string}"},"query-input":{"@type":"PropertyValueSpecification","valueRequired":true,"valueName":"search_term_string"}}],"inLanguage":"fr-FR"},{"@type":"Organization","@id":"https:\/\/lesmeditationsdalisea.com\/#organization","name":"Les M\u00e9ditations d'Alis\u00e9a","alternateName":"La Lithoth\u00e9rapie \u00e0 prix juste!","url":"https:\/\/lesmeditationsdalisea.com\/","logo":{"@type":"ImageObject","inLanguage":"fr-FR","@id":"https:\/\/lesmeditationsdalisea.com\/#\/schema\/logo\/image\/","url":"https:\/\/lesmeditationsdalisea.com\/wp-content\/uploads\/2023\/10\/LogoFondTransparent.png","contentUrl":"https:\/\/lesmeditationsdalisea.com\/wp-content\/uploads\/2023\/10\/LogoFondTransparent.png","width":500,"height":353,"caption":"Les M\u00e9ditations d'Alis\u00e9a"},"image":{"@id":"https:\/\/lesmeditationsdalisea.com\/#\/schema\/logo\/image\/"},"sameAs":["https:\/\/www.facebook.com\/lesmeditationsdalisea\/","https:\/\/www.instagram.com\/lesmeditationsdalisea\/","https:\/\/www.tiktok.com\/@lesmeditationsdalisea"]}]}},"_links":{"self":[{"href":"https:\/\/lesmeditationsdalisea.com\/index.php\/wp-json\/wp\/v2\/pages\/4887","targetHints":{"allow":["GET"]}}],"collection":[{"href":"https:\/\/lesmeditationsdalisea.com\/index.php\/wp-json\/wp\/v2\/pages"}],"about":[{"href":"https:\/\/lesmeditationsdalisea.com\/index.php\/wp-json\/wp\/v2\/types\/page"}],"author":[{"embeddable":true,"href":"https:\/\/lesmeditationsdalisea.com\/index.php\/wp-json\/wp\/v2\/users\/1"}],"replies":[{"embeddable":true,"href":"https:\/\/lesmeditationsdalisea.com\/index.php\/wp-json\/wp\/v2\/comments?post=4887"}],"version-history":[{"count":15,"href":"https:\/\/lesmeditationsdalisea.com\/index.php\/wp-json\/wp\/v2\/pages\/4887\/revisions"}],"predecessor-version":[{"id":6274,"href":"https:\/\/lesmeditationsdalisea.com\/index.php\/wp-json\/wp\/v2\/pages\/4887\/revisions\/6274"}],"wp:attachment":[{"href":"https:\/\/lesmeditationsdalisea.com\/index.php\/wp-json\/wp\/v2\/media?parent=4887"}],"curies":[{"name":"wp","href":"https:\/\/api.w.org\/{rel}","templated":true}]}}